ghest common factor of 36 and m.
4
Let s be 4 + 4*(-44)/(-16). Calculate the highest common factor of 165 and s.
15
Suppose -i = 5*i - 48. What is the highest common divisor of 80 and i?
8
Suppose 3*c = -3*a + 102, -7*c + 4*c + a + 98 = 0. Calculate the highest common divisor of c and 297.
33
Let b(k) = 16*k**2 - k + 1. Let x be b(-1). What is the greatest common factor of x and 42?
6
Let c be (133/2)/7 - 1/(-2). Suppose 2*z = -4*d + 4*z + 4, -d = -3*z + 4. What is the highest common divisor of d and c?
2
Suppose 2 = y + 4*p - 18, 0 = -3*y + p - 5. Suppose 4*b - 5*f - 27 = y, -3*f = 5*b - 6*f - 37. Calculate the highest common factor of 88 and b.
8
Let z(t) = -t**3 + 6*t**2 + 7*t + 3. Let k be z(7). Suppose 7*n = 2*n. Suppose n + k = s. What is the highest common divisor of 12 and s?
3
Let r(v) be the third derivative of v**6/30 - v**5/60 + v**4/12 - v**3/6 + 3*v**2. Let c be r(1). What is the greatest common divisor of c and 12?
4
Suppose 3*o = -4*t + 304, -165 = -2*o + t + 23. Suppose -2*d + 2*l = -24, 7*d + 4*l - 60 = 2*d. Calculate the highest common divisor of d and o.
12
Suppose 5*b - 3*b = 160. Let m(p) = -p**2 + 8*p - 5. Let c be m(5). What is the greatest common factor of c and b?
10
Suppose -a = -6*a + 35. Suppose 0 = -c + 4*v - 9*v + 48, -5*v - 330 = -5*c. Let u = a + c. Calculate the greatest common factor of 28 and u.
14
Let z be (-2)/((6/14)/(-3)). Let x be 302/z - (-24)/56. Calculate the highest common divisor of x and 2.
2
Let k = 16 + -4. What is the greatest common factor of 108 and k?
12
Suppose -360 + 1602 = 9*y. What is the greatest common divisor of y and 6?
6
Let u be 3/2*(27 + -3). Suppose y + 4*m = m + u, 2*y + 2*m = 64. Calculate the greatest common factor of 10 and y.
10
Suppose 3*l = -0 + 6, 4*m = 5*l + 46. Let z be 4/3*(-9)/(-2). Suppose -5*w + 4 = -z. What is the greatest common divisor of m and w?
2
Suppose 2*x = 3*u - 11, -4*x - 5 - 7 = 4*u. Suppose u + 1 = w. What is the greatest common factor of w and 18?
2
Let z = 86 + -74. Calculate the greatest common divisor of 3 and z.
3
Suppose -267 = -5*d + 653. Calculate the greatest common factor of 46 and d.
46
Let w(p) = 0 - 1 - 17*p + 2. Let v be w(-2). What is the highest common factor of 7 and v?
7
Let i be (-6 - -7) + (-10)/2. Let p be 2/i + 100/8. What is the greatest common factor of 12 and p?
12
Let x be ((-16)/(-8) - -106)*(-2)/(-2). Let b = 16 - 4. What is the greatest common factor of x and b?
12
Suppose -4*s + s + 165 = 0. Calculate the highest common factor of 22 and s.
11
Let i be 2/(-3) + 370/15. Let v = 60 - 24. Calculate the highest common divisor of i and v.
12
Suppose 29 = z - 0*z. Let b = z - 13. Suppose 5*m - b = 3*q, -q + 12 = 5*m - 16. What is the highest common factor of m and 15?
5
Suppose 3*z + 107 = 2*a, 2 = z + 7. Calculate the greatest common factor of a and 69.
23
Suppose 0 = -4*a + 358 + 26. Calculate the greatest common divisor of 12 and a.
12
Let k be (14/6)/(3/63). Suppose 0 = 3*d + 4*n - 26, -5*d + n = 2*n - k. Calculate the greatest common divisor of 80 and d.
10
Let x(u) = -u**2 - 4*u - 2. Let o be x(-2). Suppose -b = -o*b. Suppose 5*c - 45 - 10 = b. What is the greatest common factor of c and 22?
11
Let d be 1/(-1) + (11 - 1). Let u = 6 + -124. Let f = u + 199. Calculate the highest common divisor of f and d.
9
Suppose -14 = -i + 14. What is the greatest common factor of 14 and i?
14
Let t = 8 + 20. Calculate the highest common factor of 196 and t.
28
Let w be (-26)/(-3)*3/2. Suppose -3*q + 0*x = -2*x - 69, w = q - 4*x. Calculate the greatest common factor of q and 5.
5
Let o = -6 - -48. What is the greatest common divisor of 21 and o?
21
Suppose 6*b - 2*b = 324. Let j(s) = s**2 - 5*s + 3. Let f be j(5). Suppose 5*a - 45 = 4*g, 3*a = -2*a - f*g + 45. What is the greatest common factor of b and a?
9
Let w = 33 + -27. Calculate the greatest common divisor of w and 42.
6
Suppose 2*t + 2*t = -2*h + 18, -h - 1 = 0. Suppose 4*r - 25 = 115. What is the greatest common factor of t and r?
5
Suppose -4*j - g + 175 = 0, -g + 17 + 114 = 3*j. What is the greatest common divisor of 66 and j?
22
Let s(v) = -v**2 - 13*v + 20. Let d be s(-14). Calculate the greatest common factor of d and 15.
3
Suppose -2*l = -3*q - q + 158, 2*q - 5*l - 83 = 0. Suppose -u + q = -26. Calculate the highest common divisor of u and 26.
13
Let a(q) = 22*q**2 - 2. Let r be a(-3). Let m be (-262)/(-5) - (-4)/(-10). Suppose -4*t = m - r. What is the greatest common divisor of t and 12?
12
Suppose 0 = o - 2 + 3. Let a be (1 - 2)/(-1) - o. Calculate the greatest common factor of 4 and a.
2
Suppose -3*d = -x + 5, 5*d - 4*d = 3*x - 15. Let v = 3 + -3. Suppose v*m - 135 = -x*m. What is the highest common divisor of 3 and m?
3
Suppose 41*p = 35*p + 480. What is the highest common divisor of p and 20?
20
Let i be (-26)/6 - -4 - 452/(-6). What is the highest common factor of 15 and i?
15
Let m(x) = -5*x + 4*x**2 - 2 + 5*x. Let g be m(2). Suppose 3*j - g = 4*b - 0, -25 = -4*j - b. Calculate the highest common divisor of j and 24.
6
Let h(v) = 73*v - 8. Let d be h(2). Calculate the highest common factor of 6 and d.
6
Suppose 7*a = 2*a - 130. Let k = a + 66. Calculate the greatest common factor of 20 and k.
20
Let g = 123 + -72. Suppose -5*t = 72 - 242. Suppose -5*k = -3*k - t. Calculate the greatest common divisor of g and k.
17
Let t be (0 + -1)*(-3 + -76). Let g = -19 + t. Suppose -g = -4*v - 2*d, 0 = 3*v - 2*d - 0*d - 52. Calculate the greatest common divisor of 64 and v.
16
Suppose x = -5*w + 6, 0 = -0*x - 5*x - 2*w + 122. Let n = -56 - -69. Calculate the greatest common divisor of n and x.
13
Suppose -4*t = 4*j, -2*j + 5 + 1 = 4*t. What is the highest common divisor of 5 and t?
1
Suppose -5*h + 5*a = -15, 0 = 5*h + 4*a - 16 - 8. Suppose 0 = i - o - 10, -4*o + 51 = -i + h*i. What is the greatest common divisor of 65 and i?
13
Suppose -x = 2*x. Suppose x*s - 5*s - 5*h = 0, -s = 4*h + 9. What is the highest common divisor of s and 1?
1
Let f(g) = g**2 - 7*g + 8. Let n be f(7). Calculate the greatest common divisor of 88 and n.
8
Suppose -6*w + 52 = -2*w. Let r be 2/(-3) - (-8)/3. Let m be r/(4/234) + 0. What is the highest common factor of w and m?
13
Let x = 22 + 8. What is the greatest common factor of 6 and x?
6
Let g be 194/3 - (-2)/(-3). Let o be -1*(-11)/((-33)/(-90)). Suppose o = f + 3*f + k, 5*f = -k + 38. Calculate the greatest common factor of f and g.
8
Let s = 7 - -2. Calculate the greatest common divisor of s and 45.
9
Suppose -28 = w - 2*w. Let g = 12 - 8. Calculate the highest common factor of g and w.
4
Let v = 10 - -1. Let o(u) = -111*u**3 - 2*u**2 + 1. Let l be o(-1). Calculate the highest common factor of v and l.
11
Let u(r) = 24*r + 6. Let l = 10 + -5. Let j be u(l). Suppose -3*p = -4*p + 14. Calculate the highest common factor of p and j.
14
Suppose 0 = -3*c - 3*c + 204. What is the highest common factor of c and 51?
17
Let l(r) = -r**3 - r**2 + r + 1. Let n be l(-4). Calculate the highest common divisor of n and 5.
5
Suppose -6 = 2*k, -3*g + 0*k + 3*k + 51 = 0. What is the greatest common divisor of g and 126?
14
Let h(z) = z**3 - 3*z**2 - z. Let y be h(-2). Let r be 94/18 - (-4)/y. Suppose -r*n + 21 = -29. What is the greatest common divisor of n and 90?
10
Let p be ((-4)/(-6))/(1/3). Suppose w + p*w = 36. Calculate the greatest common factor of 60 and w.
12
Let j = -16 - -13. Let y(d) = -23*d - 6. Let l be y(j). What is the greatest common divisor of 9 and l?
9
Suppose j + 35 = -5*w, -4 - 11 = 3*j. Let s be (w/(-9))/(2/24). Let l be (36 - 3) + 1/(-1). Calculate the greatest common divisor of s and l.
8
Let t be 30/8 + 1/4. Suppose -2*z - 1 + 15 = t*a, -4*z + 2*a = -38. Let u = -13 + 22. Calculate the highest common factor of z and u.
9
Suppose -16*r = -22*r + 420. Calculate the highest common factor of r and 14.
14
Suppose 4*o = -4*v + 3*o + 88, -3*v = -4*o - 66. What is the highest common factor of 99 and v?
11
Let j be (1 - 9)*(-6)/(-8). Let f = j + 5. Let i be (3/(-4))/(f/4). What is the highest common factor of 21 and i?
3
Suppose 6 = 3*u, 2*v + v = -4*u + 173. Let p be 4 + (2 - 1 - 2). Suppose p*z = 5*z + d - 46, 0 = 2*z - 4*d - 36. What is the highest common factor of z and v?
11
Let a = -25 + 7. Let y = -9 - a. Let i(m) = -m**3 + 3*m**2 + 2*m